= c + 49981, -5*t - 5*c = -111045. What is the thousands digit of t?
2
Suppose 125*c - 835027 + 5249 = 5902472. What is the hundreds digit of c?
8
Suppose -5*n + 29497 = c - 30771, -2*c - 36166 = -3*n. What is the hundreds digit of n?
0
Let v(o) = 24*o**3 + o**2 - 4*o - 64. What is the thousands digit of v(7)?
8
Let u(l) = -153*l + 33. Let r(h) = -458*h + 102. Let t(d) = -6*r(d) + 17*u(d). What is the units digit of t(2)?
3
Let w be (9/5)/(57/190). Let t(m) = -w + m - m + 0*m - m. What is the units digit of t(-8)?
2
Suppose -159*d = -171557 - 905282 - 506165. What is the thousands digit of d?
9
Let i(l) = 1956*l**2 + 39*l - 172. What is the hundreds digit of i(4)?
2
Let t = 35523 + -28217. What is the units digit of t?
6
Suppose 72*b - 80*b = -32. What is the units digit of b - (-19)/(57/1134)?
2
Let c(k) be the second derivative of k**4/12 - k**2/2 + 21*k. Let w be c(2). Suppose -w*m = 2*x - 200, -3*x + 300 = -m - m. What is the units digit of x?
0
Let i(b) = -8*b + 22. Let l(h) = -72*h + 200. Let g(x) = 28*i(x) - 3*l(x). What is the units digit of g(-15)?
6
Let x(n) = -3*n + 5. Let c be x(1). Suppose 27 = 2*p + 25, c*p = -3*l + 503. What is the units digit of l?
7
Let d(g) = 22457*g**2 - 37*g + 47. What is the thousands digit of d(1)?
2
Suppose 43 = 5*t - 4*t - 2*u, t - 3*u = 46. Let y = 49 - t. Let x(m) = m**3 - 12*m**2 + 2*m. What is the units digit of x(y)?
4
Suppose -27856 + 15004 = -4*b. What is the units digit of b?
3
Let t be ((-4)/34 + 252/408)*0. Suppose t = -9*x - 10*x + 4883. What is the hundreds digit of x?
2
Let f(l) = -2*l + 17. Let i(h) = -h - 1. Let b(u) = -f(u) - 5*i(u). Let x be b(3). What is the units digit of x + 2 - 3 - 3?
5
What is the units digit of (-3460)/(-346) + 1*14777?
7
Suppose -4*g + 1886 - 498 = 0. Let b = g - 64. What is the tens digit of b?
8
Let k(f) = 5*f + 3 - 6*f - 2 + 8. Let x be k(8). What is the units digit of (-1323)/(-14) - x/(-6)*-3?
4
Suppose -s = 12*k - 14*k - 31082, -6*s + 5*k = -186534. What is the hundreds digit of s?
0
Let q(w) be the third derivative of -53*w**4/6 + 29*w**3/3 - 112*w**2. What is the hundreds digit of q(-3)?
6
Let w = -84 - -88. Let x = 99 + -99. Suppose -3*y - w*o + 626 + 167 = x, -4*o = -3*y + 785. What is the tens digit of y?
6
Let j = -28272 + 42065. What is the hundreds digit of j?
7
Suppose -17*q = -22*q + 60. What is the hundreds digit of -1718*((-10)/15 + 2/q)?
8
Let c = 166037 + -95112. What is the hundreds digit of c?
9
Let j be 3/2*(-1 - 0)*26. Let b = j + 47. Suppose 9*f = b*f + 72. What is the units digit of f?
2
Let h be 10*5/50*4. Let f(g) = -g**2 + 6*g - 7. Let v be f(h). Suppose 5*c = l + 487, -3*c + l = -v - 290. What is the tens digit of c?
9
Let n = -10511 - -15001. What is the units digit of n?
0
Suppose y - 9*y + 63994 = -33134. What is the tens digit of y?
4
Let j be -30*(-3 + (-39)/(-15)). Suppose 0*m - j = -3*m. Suppose -m*u + u = -5*r + 575, u = 0. What is the hundreds digit of r?
1
Let b(n) = n**3 - 24*n**2 + 170*n - 8. What is the thousands digit of b(24)?
4
Let p be -2*(-3)/(-16) - 52/32. What is the units digit of 2*p*(-122)/8?
1
Let n(d) = -9*d**2 - 10*d + 13. Let l be n(12). Let x = -950 - l. What is the units digit of x?
3
Let n = 268 + -266. Suppose -4 = d, -n*j + d = -355 - 219. What is the hundreds digit of j?
2
Suppose -148*o + 139*o = -336144 + 76638. What is the thousands digit of o?
8
Suppose -3*z = g + 2*g + 15, -3*z = 4*g + 11. Suppose 0 = 2*m + 2, 4*m + 0 = 4*a - 8. What is the units digit of 3/a*6/z + 259?
7
Let d = 14 + -10. Let f = -1243 - -1237. What is the units digit of (-134)/d*12/f?
7
Let g be (-2)/(-5) + 4/(-10) - 18. Let l be 2 + 5/(10/(-28)). What is the units digit of (-224)/l*g/(-7)?
8
Let f = -1032 - -6626. What is the hundreds digit of f?
5
Let l(w) = -12*w**2 + 12*w + 14. Let b be l(-6). Let h be ((-2)/(-3))/(38/627). What is the units digit of h/((-55)/b) + 0?
8
Suppose 0 = 5*j + 2*d - 8962, -4*j + 15*d + 7188 = 12*d. What is the tens digit of j?
9
Suppose -2*v = u + 481 + 25, 4 = -v. Let n = 766 + u. What is the units digit of -3*n/12*-3?
1
Suppose 0 = -9*k + 90 + 108. Let b(q) = 11*q - 24. What is the tens digit of b(k)?
1
Let l = -167 - -556. Suppose -h - 6*u + 7*u + l = 0, 4*u - 1588 = -4*h. What is the units digit of h?
3
Let i(x) = 9*x + 12. Suppose 0 = -2*y + 8*g - 4*g, -3*g = 4*y. Suppose -3*w + 4*t = -7, 3*w + w + 4*t - 28 = y. What is the tens digit of i(w)?
5
What is the hundreds digit of 1058358/(-12)*(-102)/357?
1
Suppose -148*u = -n - 143*u + 8705, 4*u + 43672 = 5*n. What is the thousands digit of n?
8
Let j(m) = -47*m**3 + 145*m**2 + 1085*m + 5. What is the tens digit of j(-8)?
6
Let q be (-25)/10*((-1791)/5 - -1). Let w = 2761 - q. What is the thousands digit of w?
1
Suppose -1806 = -34*s + 27*s. Suppose 890 = s*h - 257*h. What is the hundreds digit of h?
8
Suppose -2*d + 3*q = 0, -9*d + 7*d - 2*q + 10 = 0. Suppose 4*x = 2*m - 4*m + 2086, -2635 = -5*x + d*m. What is the hundreds digit of x?
5
Suppose 0 = 3*c + 79*n - 76*n - 7542, -2*n = -5*c + 12521. What is the hundreds digit of c?
5
Suppose -469*n = -463*n + 72. What is the tens digit of (-8)/n*-1 + 80/3?
2
Let z(t) = t**2 - 5*t - 3. Let k be z(5). Let v be (k - 1 - -3) + 1. Suppose -8*u + 5*u + 432 = v. What is the units digit of u?
4
Let z(l) = -12*l - 761. Let h be z(0). Let u = 1793 + h. What is the units digit of u?
2
Suppose -88804 = -21*r + 77558. What is the tens digit of r?
2
Let o = -12202 - -102790. What is the hundreds digit of o?
5
Let b be (-1)/(-9) - (-749)/63. Suppose -3*p = -5*h - b + 46, -h + 2*p + 11 = 0. Suppose 0 = -2*d, d + 296 - 1041 = -h*s. What is the units digit of s?
9
Suppose 26*d = 205112 + 91860. What is the units digit of d?
2
Let x = -1181 - -3979. What is the units digit of x?
8
Suppose 35*n + 1100 = 30*n. Let w = -166 - n. What is the tens digit of w?
5
Let j(w) = -66*w + 313. What is the hundreds digit of j(-14)?
2
Let w(o) = -4*o**3 - o**2 + 3*o + 4. Let a be w(-2). Let q = 173 - a. What is the tens digit of q?
4
Suppose -573*y + 1172*y - 580*y = 450851. What is the thousands digit of y?
3
Let y(j) = 4*j - 7*j - 49 - 3*j + 2*j. What is the tens digit of y(-17)?
1
Let z(u) = -2*u - 11. Let c be z(-5). Let m be (-7 - -8)/(c - -2). What is the units digit of 86*m - (-7 + 11)?
2
Suppose 71*s - 72*s = -2*c - 12975, 0 = 3*s - 3*c - 38928. What is the tens digit of s?
7
Suppose 3944 = -29*g + 30*g + 4*h, 5*h = -2*g + 7882. What is the units digit of g/9 - (8 + (-26)/3)?
8
Let d = -24 - -46. Suppose -5*r + d = 7. Suppose -r*z = 5*a - 693, -2*a + 270 = 4*z - z. What is the hundreds digit of a?
1
Let k(z) = 6 + 2*z - 5 + 4*z**2 + 2*z - 6*z. Let v(r) = r**2 - r. Let w(g) = -k(g) + 5*v(g). What is the tens digit of w(-9)?
0
Let y(o) = -2*o**2 + 9*o + 20. Let m be y(6). Suppose -5*j - 72 = -m*i + 304, -i + 4*j + 185 = 0. What is the units digit of i?
3
Let b = 56 + -64. Let l(q) = -q**3 - 9*q**2 - 7*q + 14. Let k be l(b). What is the hundreds digit of k/(-12)*215*2/(-1)?
2
Suppose -d - 5 = -3*u - 2*u, -d - 2 = -2*u. Let y(g) = -g + 356. Let k be y(d). Suppose -4*b - 2*a = -k, -4 + 0 = 2*a. What is the units digit of b?
0
Let r be (-66)/(-11) - (15 + -4)/(-1). Suppose 2*g + 584 = 4*g. Suppose -g = 13*h - r*h. What is the units digit of h?
3
Let a(o) = o**2 - 9*o - 5. Let i be a(6). Let b = i - -25. Suppose -j + 3*j - b*z = 196, -4*j + 352 = 4*z. What is the units digit of j?
3
Suppose 2*w = 10 - 2. Let y(x) = 2*x - 2. Let c be y(w). What is the units digit of c*((-7)/(-2))/(-7) - -5?
2
Let s = -170 - -334. Let l = s - 125. What is the tens digit of l?
3
Let w = -1408 - -3308. Let r = 2764 - w. What is the hundreds digit of r?
8
Suppose -2*q + 17 = 1. Let d = q - -136. Suppose -4*c - d = -3*u - 2*c, -u - 2*c = -40. What is the units digit of u?
6
Suppose 0*r - 16 = -4*r. Suppose -1 = -3*x - r*g, -x - 2*g = 8 - 7. Suppose v + u = 40, -170 = -v - x*v + u. What is the units digit of v?
2
Let g(v) = 195*v - 280. What is the thousands digit of g(46)?
8
What is the units digit of 11*48/660 - (-455844)/20?
3
Let g(h) be the second derivative of -10*h**3/3 - 3*h**2/2 - 11*h. Let s be g(3). Let m = 1 - s. What is the units digit of m?
4
Let a(b) be the second derivative of -49*b**3/6 + 20*b**2 - 33*b. Let w be a(-9). Suppose w = 3*y